when 108 + -2 - ((0 - -3) + 1) is divided by r?
12
Let h = 9637 + -9105. Calculate the remainder when h is divided by 107.
104
Let g = -68 + 39. Let w = g - -75. What is the remainder when w is divided by (-57)/(-3) + (6 + -3)/(-1)?
14
Suppose 11256 - 2356 = 20*s. Suppose -446*k + 15 = -s*k. What is the remainder when 56 is divided by k?
11
Suppose 56*r = 68*r. Suppose r = 12*v - 11*v - 3*h - 26, -220 = -5*v - 3*h. Calculate the remainder when 201 is divided by v.
37
Let q(d) = -3*d - 57. Let b be q(-20). Suppose 2*x = -x + 2*z + 41, 3*z = b*x - 45. Calculate the remainder when (-4)/(-2)*-1 + 23 is divided by x.
10
Suppose -p + 5*p = 0. Let f(q) = -q + 14. What is the remainder when f(p) is divided by (0 - -24)/8 - (-1 - 0) - -1?
4
Let l(i) = 11*i + 444. Let g be l(-40). Suppose -2*f - 3*v = -39, 4*f - g*v = 36 - 8. What is the remainder when 78 is divided by f?
6
Suppose 126 = 5*t + t. Suppose -141*i + 134*i + t = 0. Calculate the remainder when 54 is divided by i.
0
Suppose 10*w = -3*z + 5*w + 161, -8*z + 4*w = -360. Calculate the remainder when z is divided by 9.
2
Suppose 41*q - 60*q = 171. What is the remainder when 92 is divided by 3 - (q/21 + 1155/(-49))?
11
Suppose -518 + 127 = -27*j + 10*j. What is the remainder when 540 is divided by j?
11
Let a = -34 + 51. Suppose 15*y = a*y - 14. Suppose -26 = -y*o + 79. Calculate the remainder when 44 is divided by o.
14
Suppose -11*j + 1472 = 81*j. Calculate the remainder when 50 is divided by j.
2
Let z(g) = 8*g**2 - 2*g - 1. Let j = -20200 - -20223. Calculate the remainder when z(-2) is divided by j.
12
Let o(h) = 2*h + 17. Let q be o(8). Suppose n - 10 = 5. Suppose -4*d + n = -q. Calculate the remainder when 34 is divided by d.
10
Let n be 5 + 0 + -4 - -115. Let h be (n/12)/((-2)/(-6)). Let a = h - 15. What is the remainder when 69 is divided by a?
13
Suppose 3*w + 138 + 87 = 2*l, 3*l - 4*w = 339. What is the remainder when 466 is divided by l?
115
Let f be (264/(-40) - -8)*10/(-2). What is the remainder when (-9156)/(-98) + 3/f is divided by 27?
12
Let o be (-639)/(-15) - (6 - 162/30). Calculate the remainder when ((-15)/2)/(3/(-4)) is divided by -5*1*(o/(-15))/2.
3
Let f = -666 - -687. Suppose 10 = -5*h + 110. What is the remainder when h is divided by (161/f + -8)*(-1 - 32)?
9
Suppose 0*w = -6*w + 36. Suppose -w - 36 = -o. What is the remainder when (-970)/(-12) - (-1)/6 is divided by o?
39
Let h(j) = j - 1. Let i be h(8). Suppose -5*v - i + 22 = 0. Suppose -2*b + 0*c + 64 = 3*c, 0 = -v*b + c + 85. Calculate the remainder when b is divided by 3.
2
Calculate the remainder when 94 + -5*15/(-25) + -2 is divided by 39.
17
What is the remainder when (19 + -9)*-3*21/(-18) is divided by (216/16)/((-9)/(-12))?
17
Let a = 44 + -72. Let l = 48 + a. Suppose 3*q + l = 53. What is the remainder when 43 is divided by q?
10
Suppose o - h = 0, -6 = -2*h - 2. Suppose 0 = y + y - o*v, -3*y = v - 12. What is the remainder when y is divided by -4 - (-29)/((-87)/(-18))?
1
Suppose -2*q = 3*i - 223, 2*q - 11 = -1. Suppose 226 = w - 3*u - 130, 0 = 5*w + 2*u - 1763. Calculate the remainder when w is divided by i.
69
Suppose -3*a - 4*i + 62 = -62, 2*i - 82 = -2*a. What is the remainder when 3505 is divided by a?
25
Suppose -73*l + 87801 = 266*l. What is the remainder when l is divided by 165?
94
Let m(k) = k**3 + 2*k**2 - 4*k + 4. Suppose -38*v + 936 = -14*v. Suppose 4*i - 52 = -z, 5*z - 2*z = -3*i + v. Calculate the remainder when m(3) is divided by i.
11
Suppose 2*c - 2*t = 68, 4*t + 26 = c - 23. Calculate the remainder when 17/(306/2568) - (480/(-36) - -16) is divided by c.
24
Suppose 170 = -11*w + 28*w. Suppose 6*x - 115 = 29. What is the remainder when x is divided by w?
4
Calculate the remainder when 3667 is divided by (-88)/66*-15*(-2)/(-1 - 3).
7
Suppose -3*p + 18 = 0, 16 = -5*s - 3*p + 69. Calculate the remainder when 66 is divided by s.
3
Suppose -5*q = -5, -7*n + 9*n + 2*q = 8. Calculate the remainder when n is divided by (-5)/(-7) - 22/(-77).
0
Calculate the remainder when (4*36/28)/((-5)/(-3780)*4) is divided by 58.
44
Suppose 2*l + 3 = 13. Suppose 0*a + 4*a + 58 = l*y, 4 = -2*a. What is the remainder when 17 is divided by y?
7
Let a = 4993 - 4098. Calculate the remainder when a is divided by 29.
25
Suppose -2*q = -4*y, -2*q - y + 6*y = 2. Suppose 4*i = 3*i + q. Calculate the remainder when 282/5 + i/(-10) is divided by 12.
8
Suppose 9*w + 625 = 359 + 410. Calculate the remainder when 1534 is divided by w.
14
Let n(i) = i**2 - 19*i + 20. Let h be n(1). Suppose -h*g = 279 - 353. What is the remainder when 219 is divided by g?
34
Let i be 3/4 - 114/24. What is the remainder when ((-8)/(-20)*98)/(i/(-10)) is divided by 11?
10
What is the remainder when 1462 is divided by (315/140)/((-3)/(-8))?
4
Calculate the remainder when -63*((-803)/33 - -9) is divided by 19.
16
Let q be -4 - ((-60)/5 - -4). Suppose -5*f + 529 = -i, -q*f + i = -8*f + 425. Let m = f + -95. Calculate the remainder when 42 is divided by m.
9
Suppose -1227 - 3 = -30*z. Suppose p + 3*u = 23, -4*u + z = 2*p + 5. Let c(h) = h**3 + 6*h**2 - 4*h - 9. What is the remainder when c(-6) is divided by p?
7
Calculate the remainder when 4970 is divided by 1/11 - ((-1071)/77 + -11).
20
Suppose 10*y - 6*y = -4*g + 32, -4*y + 4*g = 0. What is the remainder when (-2)/(-4) + (-65)/(-2) is divided by y?
1
Suppose 4*i - b - 624 = 3*b, -4*i = 3*b - 652. Let w = -3679 + 3713. What is the remainder when i is divided by w?
24
Suppose 3 = -2*l + 143. Let f(z) = 3*z**3 + 20*z**2 - 5*z - 1. Let v be f(-5). Suppose 5*w - v + 59 = 0. Calculate the remainder when l is divided by w.
16
Calculate the remainder when 779 is divided by 32 - (-1)/(2/(11/(55/(-50)))).
23
Suppose -14393 = 15*g - 20258. Calculate the remainder when 1572 is divided by g.
8
Calculate the remainder when 2388 is divided by (1*34)/(-10 + 7 - -5).
8
Calculate the remainder when 1233 is divided by ((-415)/(-4))/((-110)/(-616)*7).
71
Suppose -27 = -3*n + 27. Let a = 178 + -117. Suppose 2*o - a = -47. What is the remainder when n is divided by o?
4
Suppose 140*f - 3825 = 89*f. Calculate the remainder when 437 is divided by f.
62
Suppose -v - 4*f + 218 = -8, 0 = -2*v + 2*f + 402. Let a = 35 + 20. What is the remainder when v is divided by a?
41
Let a(h) = -11*h**3 + 10*h**2 - 8*h + 12. What is the remainder when a(-5) is divided by 80?
77
Suppose -z - 42 = -w, 3*w + 0*w = -4*z - 161. Let h = z - -45. Suppose h*c - 252 = -2*c. Calculate the remainder when c is divided by 25.
17
Let z(x) = x**3 - 9*x**2 + 4*x + 22. Let v be z(8). Let s be -10*28/10*(v - -5). Suppose 106 = 6*d - s. What is the remainder when d is divided by 23?
18
Suppose 10 - 8 = i. Suppose -i*b - 113 = 61. Let n = 93 + b. What is the remainder when 75 is divided by n?
3
Let f(b) = 8*b**3 - 12*b**2 + 120*b - 49. What is the remainder when f(14) is divided by 17?
15
Suppose -23 = 11*x - 144. Let h = -282 - -565. Calculate the remainder when h is divided by x.
8
Suppose 0 = -12*s - 10*s + 66. Suppose 7*m + 3*t = 2*m + 100, -s*m + 3*t = -84. What is the remainder when 59 is divided by m?
13
Suppose 6*g - 40*g + 1836 = 0. What is the remainder when 126 is divided by g?
18
Let p be (7 + (-12)/2)*-9. What is the remainder when 654 is divided by -10 - (p - -3) - -77?
70
Suppose -5*m = 2*o - 0 - 20, -3*m - 5*o = 7. Let r(b) = -b**3 + 5*b**2 + b - 2. What is the remainder when -7 - (0 - 2)*m is divided by r(5)?
2
Let g(u) = u**3 - 3*u**2 + 15*u + 22. Calculate the remainder when g(8) is divided by 92.
2
What is the remainder when 29181 is divided by -31*((-2)/6 - 0) - 72/(-108)?
9
Suppose 0 = -42*f + 40*f + 23*f - 17241. What is the remainder when 2476 is divided by f?
13
Suppose 5*v - 590*c - 3695 = -589*c, 2*v = 4*c + 1496. Calculate the remainder when v is divided by 20.
18
Let c(p) = p**2 + 21*p + 25. Let u be c(-21). Suppose 107 + u = 4*l. Calculate the remainder when 230 is divided by l.
32
Suppose 7*r = -4*r + 5951. Suppose r = 12*q + 121. Calculate the remainder when q is divided by ((-13)/2)/(2/(-4)).
9
Let u = 6526 - 6501. What is the remainder when 758 is divided by u?
8
Suppose 14*t = 11*t + 387. Let b = -95 + t. Let n = b - -36. Calculate the remainder when n is divided by 25.
20
Let q(l) = -25*l**2 + l + 18. Let g(t) = 21*t**2 - 